ase 11, what is -5 - 1701?
-1706
In base 6, what is -2 + -3310?
-3312
In base 5, what is -2022 - 4?
-2031
In base 6, what is 11 + -5101?
-5050
In base 9, what is 4 - 650?
-645
In base 15, what is -2 + 2?
0
In base 4, what is -13 + -132202?
-132221
In base 16, what is -8b + b?
-80
In base 3, what is 111211 - -12?
112000
In base 13, what is -13 + -44?
-57
In base 12, what is -97 - -1?
-96
In base 8, what is 0 - 114?
-114
In base 8, what is 12041 - 5?
12034
In base 5, what is 104423 - 1?
104422
In base 10, what is -5 - 8?
-13
In base 13, what is 1077 - 3?
1074
In base 8, what is -1 + -14554?
-14555
In base 5, what is 1003 - -13?
1021
In base 14, what is 1ab + -3?
1a8
In base 13, what is 139 + -8?
131
In base 6, what is -1102 - -3?
-1055
In base 5, what is -4114 + 2?
-4112
In base 12, what is 153 - -4?
157
In base 8, what is -3 + 440?
435
In base 2, what is -10111 - -1000000?
101001
In base 4, what is 1 - 10033?
-10032
In base 2, what is 0 - 101111?
-101111
In base 3, what is -101220000 + -1?
-101220001
In base 8, what is -244 - 4?
-250
In base 12, what is -4 + 3426?
3422
In base 10, what is -4 - 4?
-8
In base 5, what is 2 - -13?
20
In base 15, what is -101 - -2?
-ee
In base 7, what is -551 - 3?
-554
In base 16, what is -79 - 4?
-7d
In base 16, what is -4 + -12?
-16
In base 8, what is 4 - 111?
-105
In base 15, what is cca + -3?
cc7
In base 3, what is -11 - -2111?
2100
In base 15, what is -2 - -38?
36
In base 12, what is -11 - a44?
-a55
In base 2, what is 11011011 - -1?
11011100
In base 11, what is -4 + -73?
-77
In base 14, what is -3561 + 4?
-355b
In base 9, what is -22 + 15?
-6
In base 13, what is -17 + ac?
95
In base 16, what is -1 - -31?
30
In base 3, what is -100 - 112?
-212
In base 5, what is -1 + -31332?
-31333
In base 16, what is f - -13?
22
In base 16, what is 4 - -268?
26c
In base 9, what is 3642 + -4?
3637
In base 3, what is 22022220 + 10?
22100000
In base 13, what is 1 + 17a8?
17a9
In base 4, what is 23 - -231?
320
In base 4, what is -1 - -12200?
12133
In base 7, what is 1500 + 3?
1503
In base 2, what is 10 + 100110?
101000
In base 2, what is -110 + 111111111?
111111001
In base 3, what is 12 + -111?
-22
In base 2, what is -111110011000 + 11?
-111110010101
In base 15, what is 3e + -28?
16
In base 11, what is 7 + -87?
-80
In base 8, what is -2 + 51?
47
In base 9, what is 0 + -5?
-5
In base 3, what is -2 + -10?
-12
In base 9, what is 1204 - 0?
1204
In base 5, what is 3 + -2424?
-2421
In base 9, what is 12 + 33?
45
In base 12, what is -12b - -6?
-125
In base 13, what is 9 - -12?
1b
In base 14, what is 15 + -26?
-11
In base 4, what is 3 - -20220?
20223
In base 14, what is 10 - 5d?
-4d
In base 7, what is 233 + -4?
226
In base 5, what is -110 - -3?
-102
In base 4, what is -20 + 22332?
22312
In base 6, what is 13 + 2?
15
In base 8, what is -66 + -5?
-73
In base 11, what is -3 - 622?
-625
In base 11, what is 8 - -27?
34
In base 13, what is -14 + 5?
-c
In base 9, what is 156 + 4?
161
In base 9, what is 506 - -2?
508
In base 7, what is 23 + 0?
23
In base 2, what is -1010 + -1001010?
-1010100
In base 9, what is -1530 + 0?
-1530
In base 7, what is -5114 + -4?
-5121
In base 12, what is 165 + 0?
165
In base 16, what is -60 - 4?
-64
In base 9, what is -6 + -12?
-18
In base 12, what is -1306 - -4?
-1302
In base 2, what is 10111 - -1011000?
1101111
In base 8, what is 5 + -12?
-5
In base 7, what is 2 - 203?
-201
In base 4, what is -1 + -10322?
-10323
In base 8, what is 4364 + 1?
4365
In base 3, what is -10 - 2112?
-2122
In base 7, what is -624 + -1?
-625
In base 13, what is -2 + 120?
11b
In base 8, what is 3024 - 3?
3021
In base 12, what is -74 + 1b?
-55
In base 14, what is a - 1661?
-1655
In base 12, what is -12 + -15?
-27
In base 10, what is -593 - -4?
-589
In base 3, what is 1 + 102120?
102121
In base 8, what is 777 - -3?
1002
In base 7, what is -3 + 606?
603
In base 7, what is 305 - -5?
313
In base 6, what is 312 + 3?
315
In base 10, what is 16990 + -5?
16985
In base 11, what is 493a - -1?
4940
In base 15, what is -2 - -ac?
aa
In base 8, what is -3266 + -3?
-3271
In base 13, what is -209 - 3?
-20c
In base 3, what is -2 + 2001?
1222
In base 4, what is -101323 - -2?
-101321
In base 8, what is -566 + 3?
-563
In base 11, what is 15103 + 2?
15105
In base 2, what is 1 - -11011001?
11011010
In base 15, what is 6 + d?
14
In base 12, what is -74 - -1?
-73
In base 7, what is 25 + -50?
-22
In base 9, what is -4 - -481?
476
In base 5, what is 3 + 3?
11
In base 12, what is -62 - 2?
-64
In base 6, what is 424 - 0?
424
In base 6, what is -13330 - 10?
-13340
In base 9, what is 4264 + -1?
4263
In base 15, what is 1e - 82?
-63
In base 16, what is -4 + -13?
-17
In base 12, what is -25 - b9?
-122
In base 14, what is 5 + -19?
-14
In base 14, what is -1 - 6d8?
-6d9
In base 5, what is -43 - 12?
-110
In base 11, what is -18 - 2?
-1a
In base 5, what is 101 + 1?
102
In base 13, what is -3 + 32?
2c
In base 8, what is -113 + 1?
-112
In base 4, what is 10 - -21?
31
In base 5, what is -21 - 142?
-213
In base 11, what is 7 - 0?
7
In base 4, what is -10 + 10?
0
In base 16, what is 1 - -2?
3
In base 9, what is 832 + -3?
828
In base 10, what is 925 + 5?
930
In base 3, what is 10 - -10112?
10122
In base 13, what is -5 - 0?
-5
In base 12, what is 4225 - 2?
4223
In base 12, what is 9 + -4?
5
In base 10, what is 4 - -21?
25
In base 9, what is 5 - -4127?
4133
In base 2, what is 101000111 + 101?
101001100
In base 4, what is 11 + -120312?
-120301
In base 12, what is -7 + -20?
-27
In base 14, what is 1a0 + -3?
19b
In base 11, what is 902 - -4?
906
In base 13, what is 5 + 53a?
542
In base 7, what is -1 + -10064?
-10065
In base 16, what is 1 + -9b?
-9a
In base 12, what is -5 + -3a4?
-3a9
In base 10, what is 94 - 208?
-114
In base 15, what is -3 + 5c?
59
In base 13, what is -1027 + -3?
-102a
In base 11, what is 24 + 42?
66
In base 15, what is -4 + -cb?
-d0
In base 7, what is -26 + 313?
254
In base 12, what is 5 + -3282?
-3279
In base 4, what is 2200 - -31?
2231
In base 13, what is aa - -40?
11a
In base 15, what is 1 + -10?
-e
In base 9, what is -4 + 45?
41
In base 8, what is -3 + -30?
-33
In base 9, what is 4 + -1043?
-1038
In base 12, what is 3 - -42?
45
In base 12, what is 20 - -a?
2a
In base 10, what is -12 + 30?
18
In base 4, what is 31 + -3?
22
In base 10, what is -19 - 29?
-48
In base 15, what is -1 + 1d8?
1d7
In base 15, what is a0 + -2?
9d
In base 9, what is 23 - 1?
22
In base 9, what is 75 + 137?
223
In base 4, what is 2 + 222133?
222201
In base 13, what is 5 + -19?
-14
In base 3, what is 11 - -1022212?
1100000
In base 12, what is -6 + 1942?
1938
In base 9, what is -40 + 113?
63
In base 8, what is 4 - 102?
-76
In base 10, what is 3 + -1?
2
In base 6, what is -41255 + -5?
-41304
In base 9, what is 20 + 0?
20
In base 13, what is -25 + -b2?
-107
In base 6, what is -204 + 14?
-150
In base 6, what is -34 - 3003?
-3041
In base 2, what is -110 + -10?
-1000
In base 7, what is 2 - -33?
35
In base 7, what is -4 - 6?
-13
In base 13, what is -4a - -1?
-49
In base 5, what is 1113 - 10?
1103
In base 4, what is -12231321 - 10?
-12231331
In base 16, what is -15b - -9?
-152
In base 8, what is -17760 + 1?
-17757
In base 7, what is 111 - 133?
-22
In base 2, what is 11 - -10100111?
10101010
In base 3, what is -11220012 - -11?
-11220001
In base 16, what is 58 + fb?
153
In base 9, what is -34 - -148?
114
In base 16, what is 23bf - -2?
23c1
In base 9, what is -235 + -4?
-240
In base 6, what is -55325 + 4?
-55321
In base 11, what is 4 - -613?
617
In base 6, what is 3 - 531?
-524
In base 7, what is 1043 - -6?
1052
In base 14, what is 0 + -70?
-70
In base 6, what is -114 - 3?
-121
In base 13, what is 1 + 74?
75
In base 9, what is -4 - 387?
-402
In base 11, what is -5 + 17?
12
In base 6, what is 14 + 23233?
23251
In base 11, what is -3511 - -5?
-3507
In base 10, what is -46 + 10?
-36
In base 3, what is -1110 + -11202?
-20012
In base 14, what is 3 - d?
-a
In base 4, what is 2202 + 3?
2211
In base 14, what is -5 - 183?
-188
In base 15, what is 89 + -4?
85
In base 13, what is -5 - -240?
238
In base 6, what is 12 + 50?
102
In base 9, what is -5 + 77?
72
In base 2, what is -10010110 - 0?
-10010110
In base 3, what is 101012101 + 11?
101012112
In base 13, what is 23 - -18?
3b
In base 2, what is 100001 + -10011?
111